mmon factor of 189 and 566299755?
189
What is the highest common factor of 1728 and 13846734?
54
Calculate the highest common divisor of 6410 and 52712635.
3205
Calculate the highest common factor of 5091667 and 1582.
791
What is the highest common divisor of 6644800 and 4160?
320
What is the greatest common divisor of 3130 and 33137310?
3130
What is the greatest common factor of 20282372 and 25256?
1804
Calculate the highest common divisor of 33 and 321391389.
33
What is the highest common divisor of 63084 and 2412?
12
Calculate the greatest common divisor of 7628962 and 14168.
506
What is the highest common factor of 1302 and 10452246?
42
Calculate the greatest common factor of 135 and 27369.
9
What is the highest common factor of 46 and 185856330?
46
Calculate the greatest common divisor of 31303451 and 103.
103
What is the highest common factor of 3 and 35309987?
1
What is the greatest common factor of 50407 and 535906?
2653
Calculate the highest common factor of 108329 and 3549.
169
Calculate the highest common divisor of 30168336 and 1584.
528
Calculate the highest common factor of 39368584 and 92.
4
What is the greatest common divisor of 62918340 and 1196?
92
What is the greatest common factor of 23498344 and 4215?
281
What is the greatest common divisor of 7182054 and 4494?
642
Calculate the greatest common divisor of 158216190 and 3916.
1958
Calculate the greatest common divisor of 17004 and 17966.
26
Calculate the highest common divisor of 43500 and 132000.
1500
Calculate the greatest common divisor of 170690 and 119990.
1690
What is the greatest common factor of 15366064 and 70?
14
What is the greatest common divisor of 1916 and 8373878?
958
Calculate the greatest common divisor of 102600 and 5094750.
150
What is the greatest common divisor of 174704335 and 6175?
1235
Calculate the greatest common divisor of 170291 and 2959748.
1507
What is the highest common divisor of 4724016 and 572?
44
What is the greatest common factor of 5017 and 535435?
173
What is the highest common factor of 37293594 and 312?
78
Calculate the highest common factor of 413642 and 2.
2
Calculate the greatest common factor of 47255 and 34169.
727
What is the highest common divisor of 76 and 552197?
19
Calculate the highest common divisor of 483 and 1885839.
69
Calculate the greatest common divisor of 25557 and 513597.
21
What is the highest common factor of 642025 and 123525?
1525
What is the greatest common divisor of 110607 and 160808151?
4809
Calculate the highest common factor of 974958 and 36.
6
Calculate the greatest common factor of 2031390 and 3165.
15
Calculate the highest common divisor of 5486232 and 888.
24
Calculate the greatest common factor of 76931995 and 105.
35
What is the highest common divisor of 5810 and 38125360?
70
Calculate the greatest common divisor of 4968 and 275428404.
2484
What is the highest common divisor of 2490 and 151525630?
830
Calculate the greatest common factor of 186638827 and 883.
883
What is the greatest common divisor of 235708 and 308758?
974
Calculate the highest common divisor of 93526 and 128251.
463
What is the highest common divisor of 129091 and 376451?
773
Calculate the highest common factor of 2663 and 69112839.
2663
What is the greatest common factor of 4295 and 79439461?
859
What is the highest common factor of 866326 and 2108?
62
What is the greatest common divisor of 80984436 and 130?
26
What is the greatest common divisor of 1107 and 8811?
9
What is the highest common divisor of 1025133 and 1288621?
4117
Calculate the highest common factor of 38330250 and 106500.
750
What is the highest common divisor of 19 and 1943850?
1
What is the greatest common factor of 1786236135 and 15?
15
What is the greatest common factor of 1925 and 1668150?
275
What is the highest common factor of 19096581 and 9198?
1533
Calculate the greatest common factor of 2187 and 5304.
3
What is the highest common divisor of 473572 and 59972?
2068
Calculate the highest common divisor of 17931 and 123668.
43
What is the greatest common divisor of 380297902 and 428?
214
What is the greatest common factor of 72589 and 79?
1
What is the greatest common factor of 58421 and 604098?
1243
Calculate the highest common divisor of 77051 and 26000.
13
What is the highest common divisor of 53865216 and 36?
36
What is the highest common factor of 195620 and 405?
5
Calculate the highest common divisor of 290 and 525855405.
145
What is the greatest common factor of 23495 and 3973195?
635
Calculate the greatest common factor of 5706014432 and 92.
92
What is the greatest common factor of 1877778 and 7974?
18
Calculate the greatest common divisor of 42 and 15465999.
3
What is the highest common factor of 12 and 199284?
12
Calculate the highest common divisor of 6498 and 6192.
18
Calculate the highest common factor of 483948 and 129949.
4481
What is the greatest common factor of 14204400 and 950?
950
Calculate the highest common divisor of 4801758 and 130.
26
What is the greatest common divisor of 91111922 and 7302?
2434
What is the greatest common factor of 72 and 15361992?
72
Calculate the highest common factor of 587526 and 46526.
1082
What is the highest common factor of 5076508 and 232?
116
Calculate the highest common factor of 3369157 and 374.
11
Calculate the highest common divisor of 387356 and 464719.
541
Calculate the highest common factor of 127348811 and 21052.
5263
Calculate the greatest common divisor of 221528 and 40.
8
What is the greatest common factor of 56949 and 18516759?
1389
What is the highest common factor of 3886920 and 236?
236
Calculate the greatest common divisor of 20781 and 212180937.
6927
What is the greatest common divisor of 881 and 42283?
1
What is the greatest common divisor of 91 and 306631?
13
Calculate the highest common divisor of 7823133 and 395.
79
What is the highest common divisor of 21618555 and 2345?
2345
Calculate the greatest common factor of 549456765 and 20878.
10439
Calculate the greatest common factor of 7315 and 2117885.
385
What is the highest common divisor of 13418343 and 18?
9
What is the highest common divisor of 7459809 and 7905?
93
Calculate the highest common factor of 1322031040 and 376.
376
What is the highest common factor of 1476 and 101324079?
369
Calculate the highest common divisor of 76476017 and 710.
71
What is the greatest common factor of 158357367 and 126?
63
Calculate the highest common divisor of 105084801 and 513.
171
What is the greatest common factor of 135 and 1197402615?
135
What is the highest common factor of 3181504 and 113856?
64
What is the highest common factor of 297 and 905697?
9
Calculate the highest common divisor of 6512 and 474320.
176
What is the highest common divisor of 810473560 and 32?
8
What is the greatest common factor of 8 and 917966168?
8
What is the greatest common divisor of 80032936 and 1135?
227
What is the highest common divisor of 1742679 and 4265?
853
Calculate the highest common factor of 159201 and 1008567.
441
Calculate the highest common factor of 9 and 2153419461.
9
Calculate the greatest common factor of 575 and 20027135.
115
Calculate the greatest common factor of 356 and 32485623.
89
Calculate the greatest common factor of 2746 and 4798.
2
What is the greatest common factor of 2900 and 3458300?
100
Calculate the highest common divisor of 205 and 97215100.
205
What is the greatest common factor of 102376 and 453816?
1528
Calculate the highest common factor of 5081822 and 3358.
146
What is the greatest common divisor of 12421512 and 17186?
1322
Calculate the highest common factor of 112731462 and 18.
18
What is the highest common divisor of 259056 and 59850?
126
Calculate the greatest common factor of 10050 and 423750.
150
What is the highest common factor of 341922 and 4001883?
3489
Calculate the highest common divisor of 6213727 and 3017.
431
Calculate the highest common divisor of 151764630 and 10.
10
What is the highest common divisor of 28883 and 2886601?
1699
What is the highest common divisor of 18084 and 17529424?
6028
Calculate the greatest common divisor of 1712 and 49106152.
856
Calculate the greatest common factor of 213579729 and 1192.
149
Calculate the highest common factor of 14456530 and 14630.
2090
Calculate the highest co